{"id":136,"date":"2015-01-04T15:29:54","date_gmt":"2015-01-04T15:29:54","guid":{"rendered":"http:\/\/mpeodd.uniri.hr\/?page_id=136"},"modified":"2015-01-04T15:29:54","modified_gmt":"2015-01-04T15:29:54","slug":"andrea-mesanovic","status":"publish","type":"page","link":"https:\/\/mpeodd.uniri.hr\/?page_id=136","title":{"rendered":"Andrea Me\u0161anovi\u0107"},"content":{"rendered":"<body><p><\/p><a href=\"https:\/\/i0.wp.com\/66.147.244.158\/~unirismo\/socdevi\/wp-content\/uploads\/2014\/05\/kombinat_017-600x600.jpg\"><img data-recalc-dims=\"1\" decoding=\"async\" class=\"  wp-image-137 alignleft\" src=\"https:\/\/i0.wp.com\/66.147.244.158\/~unirismo\/socdevi\/wp-content\/uploads\/2014\/05\/kombinat_017-600x600-300x300.jpg?resize=156%2C156\" alt=\"kombinat_017-600x600\" width=\"156\" height=\"156\" loading=\"lazy\"><\/a>Andrea Me\u0161anovi\u0107, doktorand (Filozofija) u Rijeci.\u00a0Bavi se pitanjem otklona od racionalnog rasu\u0111ivanja i pona\u0161anja, a koja su uzrokovana sustavnom i predvidljivom iracionalnosti ljudskog pona\u0161anja. Sudjelovat \u0107e u istra\u017eivanju i istra\u017eivanjem pitanja (institucijske i izvan-institucijske) osude otklona od racionalnog pona\u0161anja i rasu\u0111ivanja koja su uzrokovana predrasudama i stereotipima.\n<p>\u00a0<\/p>\n<p><strong>1. Sudjelovanje s radom na me\u0111unarodnom znanstvenom skupu<\/strong><\/p>\n<ul>\n<li>\u02ddNauka i savremeni univerziteti, 4 \u02dd, konferencija, naziv izlaganja: \u02ddEpistemi\u010dki autoriteti\u02dd \u2013 Filozofski fakultet u Ni\u0161u (14. \u2013 15. 11. 2014.)<\/li>\n<li>\u201cWomen in Higher Education and Sciences\u201d, (sa Snje\u017eanom Priji\u0107 \u2013 Samar\u017eija\u00a0i Janom A\u017ei\u0107), Faculty of Medicine, University of Rijeka (8.5.2014.)<\/li>\n<\/ul>\n<p><strong>2. Sudjelovanje u radu i u organizacijskim odborima ljetnih \u0161kola, konferencija, radionica, tribina\u00a0i sl.<\/strong><\/p>\n<ul>\n<li>Konferencija \u02ddWhat Makes New Forms Of Authoritarianism So Attractive? \u2013 Rethinking The Shades Between Authoritarian And Democratic Rule\u02dd- WZC, Berlin, 6. \u2013 7.11. 2014. (<em>u organizaciji Centra za naredne studije jugoisto\u010dne Europe i WZC, Berlin<\/em>)<\/li>\n<li>Simpozij \u02ddColin Bird\u02dd- 29. Svibnja 2014.\u00a0<em>(u organizaciji Odsjeka za filozofiju Filozofskog fakulteta u Rijeci i Centra za napredne studije jugoisto\u010dne Europe)<\/em><\/li>\n<li>Ljetna \u0161kola \u02ddSummer School Equality and Citizenship\u02dd \u2013 od 30. 06. do 05. 07. 2014<em>(u organizaciji Odsjeka za filozofiju filozofskog fakulteta, Centra za napredne studije jugoisto\u010dne Europe,<\/em>\u00a0<em>Sveu\u010dili\u0161te\u00a0<\/em><em>Pompeu Fabra, Barcelona, i Sveu\u010dili\u0161te Leeds )<\/em><\/li>\n<li>Konferencija \u02dd(New) Challenges for Europe\u00a0in a Changing a\u00a0World\/ Knowledge for Europe \u02dd\u00a0 \u2013 20. i 21. 10. 2014. (<em>u organizaciji Ministarstva vanjskih i europskih poslova, Sveu\u010dili\u0161ta u Rijeci i Centra za napredne studije jugoisto\u010dne Europe<\/em>)<\/li>\n<li>Simpozij \u02ddDerek Bolton On mental disorder\u02dd \u2013 31. 10. 2014. (<em>u organizaciji Odsjeka za filozofiju, Fiolozofski fakultet u Rijeci<\/em>)<\/li>\n<li>Konferencija Democracy, Identity and European Integration \u2013 24. i 25. 11. 2014.\u00a0<em>(u organizaciji Odsjeka za filozofiju Filozofskog fakulteta i Centra za napredne studije jugoisto\u010dne Europe)<\/em><\/li>\n<\/ul>\n<p><strong>3. Projekti:<\/strong><\/p>\n<ul>\n<li>Sudjelovanje u pripremi projekta \u2013 Start Danube Region Project Fund: Projekt: \u02ddYoung researchers from the Danube Region going to ERA\u02dd, Partneri: Institute for the Danube Region and Central Europe \u2013 IDM, Institute for Philosophy and Social Theory, University of Belgrade<\/li>\n<li>Sudjelovanje u pripremi projekta \u2013 Erassmus plus: Projekt : \u02ddOpen\u00a0Mind\u00a0Project\u02dd, Partneri: Mim Edizioni \u00a0srl \u2013IT, Universit\u00e0 degli studi di Udine, Udine IT, \u00c9cole des Hautes \u00c9tudes en Sciences Sociales (EHESS), Paris, University of Westminster, University of Rijeka \u2013 Center for Advanced studies, Rijeka, Nov Bulgarski Universitet \u2013 New Bulgarian University, Sofia BG<\/li>\n<li>Voditeljica projekta Portal studentskog kulturnog centra \u02ddPremium\u02dd, Sveu\u010dili\u0161te u Rijeci<\/li>\n<li>Voditeljica projekta Kulturalizacija prostora i stvaranje novih kulturnih programa \u02ddUSSUD2\u02dd, Sveu\u010dili\u0161te u Rijeci<\/li>\n<li>Voditeljica projekta Vrijednosti zajednice iz perspektive dru\u0161tveno humanisti\u010dkih znanosti, Sveu\u010dili\u0161te u Rijeci<\/li>\n<\/ul>\n<p><\/p>\n<\/body>","protected":false},"excerpt":{"rendered":"<p>Andrea Me\u0161anovi\u0107, doktorand (Filozofija) u Rijeci.\u00a0Bavi se pitanjem otklona od racionalnog rasu\u0111ivanja i pona\u0161anja, a koja su uzrokovana sustavnom i predvidljivom iracionalnosti ljudskog pona\u0161anja. Sudjelovat \u0107e u istra\u017eivanju i istra\u017eivanjem pitanja (institucijske i izvan-institucijske) osude otklona od racionalnog pona\u0161anja i rasu\u0111ivanja koja su uzrokovana predrasudama i stereotipima. \u00a0 1. Sudjelovanje s radom na me\u0111unarodnom znanstvenom [&hellip;]<\/p>\n","protected":false},"author":2,"featured_media":0,"parent":2,"menu_order":0,"comment_status":"open","ping_status":"open","template":"","meta":{"footnotes":""},"class_list":["post-136","page","type-page","status-publish","hentry"],"jetpack_sharing_enabled":true,"_links":{"self":[{"href":"https:\/\/mpeodd.uniri.hr\/index.php?rest_route=\/wp\/v2\/pages\/136"}],"collection":[{"href":"https:\/\/mpeodd.uniri.hr\/index.php?rest_route=\/wp\/v2\/pages"}],"about":[{"href":"https:\/\/mpeodd.uniri.hr\/index.php?rest_route=\/wp\/v2\/types\/page"}],"author":[{"embeddable":true,"href":"https:\/\/mpeodd.uniri.hr\/index.php?rest_route=\/wp\/v2\/users\/2"}],"replies":[{"embeddable":true,"href":"https:\/\/mpeodd.uniri.hr\/index.php?rest_route=%2Fwp%2Fv2%2Fcomments&post=136"}],"version-history":[{"count":2,"href":"https:\/\/mpeodd.uniri.hr\/index.php?rest_route=\/wp\/v2\/pages\/136\/revisions"}],"predecessor-version":[{"id":139,"href":"https:\/\/mpeodd.uniri.hr\/index.php?rest_route=\/wp\/v2\/pages\/136\/revisions\/139"}],"up":[{"embeddable":true,"href":"https:\/\/mpeodd.uniri.hr\/index.php?rest_route=\/wp\/v2\/pages\/2"}],"wp:attachment":[{"href":"https:\/\/mpeodd.uniri.hr\/index.php?rest_route=%2Fwp%2Fv2%2Fmedia&parent=136"}],"curies":[{"name":"wp","href":"https:\/\/api.w.org\/{rel}","templated":true}]}}