{"id":132,"date":"2015-01-04T15:24:05","date_gmt":"2015-01-04T15:24:05","guid":{"rendered":"http:\/\/mpeodd.uniri.hr\/?page_id=132"},"modified":"2015-01-04T15:24:05","modified_gmt":"2015-01-04T15:24:05","slug":"luca-malatesti","status":"publish","type":"page","link":"https:\/\/mpeodd.uniri.hr\/?page_id=132","title":{"rendered":"Luca Malatesti"},"content":{"rendered":"<body><p><\/p>\n<p style=\"color: #141412;\"><a href=\"https:\/\/i0.wp.com\/66.147.244.158\/~unirismo\/socdevi\/wp-content\/uploads\/2014\/05\/screenshot1.png\"><img data-recalc-dims=\"1\" decoding=\"async\" class=\"alignleft size-thumbnail wp-image-28\" src=\"https:\/\/i0.wp.com\/66.147.244.158\/~unirismo\/socdevi\/wp-content\/uploads\/2014\/05\/screenshot1-150x150.png?resize=150%2C150\" alt=\"Luca Malatesti\" width=\"150\" height=\"150\" loading=\"lazy\"><\/a><a href=\"https:\/\/portal.uniri.hr\/portfelj\/lmalatesti@uniri.hr\" target=\"_blank\">Dr. sc. Luca Malatesti, doc.<\/a> (<a style=\"color: #bc360a;\" href=\"https:\/\/portal.uniri.hr\/portfelj\/lmalatesti@uniri.hr\">Portfelj<\/a>\u00a0,\u00a0<a style=\"color: #bc360a;\" href=\"http:\/\/scholar.google.com\/citations?user=DKOLEuAAAAAJ&amp;hl=en\">Google znalac<\/a>,\u00a0<a style=\"color: #bc360a;\" href=\"http:\/\/bib.irb.hr\/lista-radova?autor=308096\">Crosbi<\/a>)<br>\nBavi se stra\u017eivanjem pitanja epistemolo\u0161kog statusa pojma antisocijalnog poreme\u0107aja osobnosti i psihopatije, moralne odgovornosti psihopata, s posebnim osvrtom na pitanje o\u0161te\u0107enja njihovih moralnih sposobnosti i poimanja njihove osobnosti.<\/p>\n<p style=\"color: #141412;\">\n<\/p><p style=\"color: #141412;\">\n<\/p><p style=\"color: #141412;\"><strong>1. Znanstveni radovi (izvorni znanstveni radovi)<\/strong><\/p>\n<ul>\n<li>Malatesti, Luca, (2014) \u00abPsychopathy and failures of ordinary doing\u00bb, Etica &amp; Politica \/ Ethics &amp; Politics,Vol. XVI, No. 2, pp. 1138 \u2013 1152.<\/li>\n<\/ul>\n<p><strong>2. Sudjelovanje s izlaganjem (ili posterom)\u00a0na me\u0111unarodnim znanstvenim skupovima<\/strong><\/p>\n<ul>\n<li>Baccarini, E. i L. Malatesti,; \u201cPsychopathy and public reasons\u201d (Poster), The 5th International Symposium on Psychiatry and Cognitive Neuroscience, Mind in the gap between neural and social networks; Psychiatric Hospital, Rab,; 25.-26.09.2014.<\/li>\n<li>Baccarini, E. i L. Malatesti; \u201cPsychopathy and values\u201d ; predavanje; One day conference: Derek Bolton on mental disorder,; University of Rijeka; 30.10.2014.<\/li>\n<li>Baccarini, E. i L. Malatesti; \u201cPublic justification of values and psychiatry\u00bb predavanje ; International Conference: Democracy, Identity, and European Integration ; University of Rijeka; 24-25.11.2014.<\/li>\n<li>Malatesti, L. ; \u201cPsychopathy and failures of ordinary doing\u201d; predavanje; One day conference with Pierre Jacob; University of Maribor, Department of Philosophy, Maribor (Slovenia);19.11.2014.<\/li>\n<\/ul>\n<p><strong>3. Prijavljeni projekti<\/strong><\/p>\n<ul>\n<li>Voditelj projekta 2014-2018 \u2013\u00a0Klasifikacija i obja\u0161njenja antisocijalnog poreme\u0107aja osobnosti i moralna i kaznena odgovornost u kontekstu Hrvatskog zakona o mentalnom zdravlju i skrb; Hrvatska Zaklada za Znanost; http:\/\/ceascro.ffri.hr\/<\/li>\n<\/ul>\n<p>\u00a0<\/p>\n<\/body>","protected":false},"excerpt":{"rendered":"<p>Dr. sc. Luca Malatesti, doc. (Portfelj\u00a0,\u00a0Google znalac,\u00a0Crosbi) Bavi se stra\u017eivanjem pitanja epistemolo\u0161kog statusa pojma antisocijalnog poreme\u0107aja osobnosti i psihopatije, moralne odgovornosti psihopata, s posebnim osvrtom na pitanje o\u0161te\u0107enja njihovih moralnih sposobnosti i poimanja njihove osobnosti. 1. Znanstveni radovi (izvorni znanstveni radovi) Malatesti, Luca, (2014) \u00abPsychopathy and failures of ordinary doing\u00bb, Etica &amp; Politica \/ Ethics [&hellip;]<\/p>\n","protected":false},"author":2,"featured_media":0,"parent":2,"menu_order":0,"comment_status":"open","ping_status":"open","template":"","meta":{"footnotes":""},"class_list":["post-132","page","type-page","status-publish","hentry"],"jetpack_sharing_enabled":true,"_links":{"self":[{"href":"https:\/\/mpeodd.uniri.hr\/index.php?rest_route=\/wp\/v2\/pages\/132"}],"collection":[{"href":"https:\/\/mpeodd.uniri.hr\/index.php?rest_route=\/wp\/v2\/pages"}],"about":[{"href":"https:\/\/mpeodd.uniri.hr\/index.php?rest_route=\/wp\/v2\/types\/page"}],"author":[{"embeddable":true,"href":"https:\/\/mpeodd.uniri.hr\/index.php?rest_route=\/wp\/v2\/users\/2"}],"replies":[{"embeddable":true,"href":"https:\/\/mpeodd.uniri.hr\/index.php?rest_route=%2Fwp%2Fv2%2Fcomments&post=132"}],"version-history":[{"count":2,"href":"https:\/\/mpeodd.uniri.hr\/index.php?rest_route=\/wp\/v2\/pages\/132\/revisions"}],"predecessor-version":[{"id":134,"href":"https:\/\/mpeodd.uniri.hr\/index.php?rest_route=\/wp\/v2\/pages\/132\/revisions\/134"}],"up":[{"embeddable":true,"href":"https:\/\/mpeodd.uniri.hr\/index.php?rest_route=\/wp\/v2\/pages\/2"}],"wp:attachment":[{"href":"https:\/\/mpeodd.uniri.hr\/index.php?rest_route=%2Fwp%2Fv2%2Fmedia&parent=132"}],"curies":[{"name":"wp","href":"https:\/\/api.w.org\/{rel}","templated":true}]}}